{"id":1108,"date":"2025-06-26T17:34:51","date_gmt":"2025-06-26T15:34:51","guid":{"rendered":"https:\/\/femendo.eu\/?page_id=1108"},"modified":"2025-07-03T10:17:30","modified_gmt":"2025-07-03T08:17:30","slug":"obchod","status":"publish","type":"page","link":"https:\/\/femendo.eu\/?page_id=1108","title":{"rendered":"OBCHOD"},"content":{"rendered":"\t\t<div data-elementor-type=\"wp-page\" data-elementor-id=\"1108\" class=\"elementor elementor-1108\">\n\t\t\t\t<div class=\"elementor-element elementor-element-641117d e-flex e-con-boxed wpr-particle-no wpr-jarallax-no wpr-parallax-no wpr-sticky-section-no e-con e-parent\" data-id=\"641117d\" data-element_type=\"container\">\n\t\t\t\t\t<div class=\"e-con-inner\">\n\t\t\t\t<div class=\"elementor-element elementor-element-a568041 wpr-grid-columns-3 wpr-grid-columns--tablet2 wpr-grid-columns--mobile1 wpr-grid-pagination-center wpr-item-styles-inner elementor-widget elementor-widget-wpr-woo-grid\" data-id=\"a568041\" data-element_type=\"widget\" data-widget_type=\"wpr-woo-grid.default\">\n\t\t\t\t<div class=\"elementor-widget-container\">\n\t\t\t\t\t<ul class=\"wpr-grid-filters elementor-clearfix wpr-grid-filters-sep-right\"><li class=\" wpr-pointer-none wpr-pointer-line-fx wpr-pointer-fx-none\"><span data-filter=\"*\" class=\"wpr-active-filter \">All<\/span><em class=\"wpr-grid-filters-sep\"><\/em><\/li><li class=\" wpr-pointer-none wpr-pointer-line-fx wpr-pointer-fx-none\"><span  data-ajax-filter=[\"product_cat\",\"nezaradene\"] data-filter=\".product_cat-nezaradene\">Nezaraden\u00e9<\/span><em class=\"wpr-grid-filters-sep\"><\/em><\/li><li class=\" wpr-pointer-none wpr-pointer-line-fx wpr-pointer-fx-none\"><span  data-ajax-filter=[\"product_cat\",\"knihy\"] data-filter=\".product_cat-knihy\">Knihy<\/span><em class=\"wpr-grid-filters-sep\"><\/em><\/li><\/ul><section class=\"wpr-grid elementor-clearfix\" data-settings=\"{&quot;layout&quot;:&quot;fitRows&quot;,&quot;stick_last_element_to_bottom&quot;:&quot;&quot;,&quot;columns_desktop&quot;:3,&quot;gutter_hr&quot;:20,&quot;gutter_hr_mobile&quot;:20,&quot;gutter_hr_mobile_extra&quot;:20,&quot;gutter_hr_tablet&quot;:20,&quot;gutter_hr_tablet_extra&quot;:20,&quot;gutter_hr_laptop&quot;:20,&quot;gutter_hr_widescreen&quot;:20,&quot;gutter_vr&quot;:44,&quot;gutter_vr_mobile&quot;:44,&quot;gutter_vr_mobile_extra&quot;:44,&quot;gutter_vr_tablet&quot;:44,&quot;gutter_vr_tablet_extra&quot;:44,&quot;gutter_vr_laptop&quot;:44,&quot;gutter_vr_widescreen&quot;:44,&quot;animation&quot;:&quot;default&quot;,&quot;animation_duration&quot;:0.299999999999999988897769753748434595763683319091796875,&quot;animation_delay&quot;:0.1000000000000000055511151231257827021181583404541015625,&quot;deeplinking&quot;:&quot;&quot;,&quot;filters_linkable&quot;:&quot;no&quot;,&quot;filters_default_filter&quot;:&quot;&quot;,&quot;filters_count&quot;:&quot;&quot;,&quot;filters_hide_empty&quot;:&quot;no&quot;,&quot;filters_animation&quot;:&quot;default&quot;,&quot;filters_animation_duration&quot;:0.299999999999999988897769753748434595763683319091796875,&quot;filters_animation_delay&quot;:0.1000000000000000055511151231257827021181583404541015625,&quot;pagination_type&quot;:&quot;load-more&quot;,&quot;pagination_max_pages&quot;:1,&quot;query_posts_per_page&quot;:9,&quot;lightbox&quot;:{&quot;selector&quot;:&quot;.wpr-grid-image-wrap&quot;,&quot;iframeMaxWidth&quot;:&quot;60%&quot;,&quot;hash&quot;:false,&quot;autoplay&quot;:&quot;true&quot;,&quot;pause&quot;:5000,&quot;progressBar&quot;:&quot;true&quot;,&quot;counter&quot;:&quot;true&quot;,&quot;controls&quot;:&quot;true&quot;,&quot;getCaptionFromTitleOrAlt&quot;:&quot;true&quot;,&quot;thumbnail&quot;:&quot;&quot;,&quot;showThumbByDefault&quot;:&quot;&quot;,&quot;share&quot;:&quot;&quot;,&quot;zoom&quot;:&quot;true&quot;,&quot;fullScreen&quot;:&quot;true&quot;,&quot;download&quot;:&quot;true&quot;}}\" data-found-posts = 1><article class=\"wpr-grid-item elementor-clearfix post-1106 product type-product status-publish has-post-thumbnail product_cat-knihy desktop-align-left tablet-align-left mobile-align-left first instock taxable shipping-taxable purchasable product-type-simple\"><div class=\"wpr-grid-item-inner\"><div class=\"wpr-grid-media-wrap wpr-effect-size-medium \" data-overlay-link=\"yes\"><div class=\"wpr-grid-image-wrap\" data-src=\"https:\/\/femendo.eu\/wp-content\/uploads\/2025\/06\/book-800-768x1024.jpg\"  data-img-on-hover=\"\" data-src-secondary=\"\"><img decoding=\"async\" src=\"https:\/\/femendo.eu\/wp-content\/uploads\/2025\/06\/book-800-768x1024.jpg\" alt=\"SKRYT\u00c9 LUNY\" class=\"wpr-anim-timing-ease-default\"><\/div><div class=\"wpr-grid-media-hover wpr-animation-wrap\"><div class=\"wpr-grid-media-hover-bg  wpr-overlay-fade-in wpr-anim-size-large wpr-anim-timing-ease-default wpr-anim-transparency\" data-url=\"https:\/\/femendo.eu\/?product=skryte-luny\"><\/div><div class=\"wpr-cv-container\"><div class=\"wpr-cv-outer\"><div class=\"wpr-cv-inner\"><div class=\"wpr-grid-media-hover-middle elementor-clearfix\"><div class=\"wpr-grid-item-status elementor-repeater-item-34a406c wpr-grid-item-display-block wpr-grid-item-align-middle wpr-element-fade-in wpr-anim-size-large wpr-anim-timing-ease-default wpr-anim-transparency\"><div class=\"inner-block\"><\/div><\/div><\/div><\/div><\/div><\/div><\/div><\/div><div class=\"wpr-grid-item-below-content elementor-clearfix\"><div class=\"wpr-grid-item-excerpt elementor-repeater-item-1922251 wpr-grid-item-display-block wpr-grid-item-align-center\"><div class=\"inner-block\"><p>            <div data-woocs-sd='{&quot;width&quot;:&quot;365&quot;,&quot;img_pos&quot;:1,&quot;max_open_height&quot;:&quot;253&quot;,&quot;show_img&quot;:1,&quot;width_p100&quot;:0,&quot;scale&quot;:&quot;100&quot;,&quot;description_font_size&quot;:&quot;12&quot;,&quot;title_show&quot;:&quot;1&quot;,&quot;title_value&quot;:&quot;__CODE__&quot;,&quot;title_font&quot;:&quot;Arial&quot;,&quot;title_bold&quot;:1,&quot;title_font_size&quot;:&quot;17&quot;,&quot;title_color&quot;:&quot;#000000&quot;,&quot;border_radius&quot;:&quot;0&quot;,&quot;border_color&quot;:&quot;#eeeeee&quot;,&quot;img_height&quot;:&quot;24&quot;,&quot;img_vertival_pos&quot;:&quot;-4&quot;,&quot;show_description&quot;:0,&quot;description_color&quot;:&quot;#aaaaaa&quot;,&quot;description_font&quot;:&quot;Arial&quot;,&quot;background_color&quot;:&quot;#fafafa&quot;,&quot;pointer_color&quot;:&quot;#000000&quot;,&quot;divider_color&quot;:&quot;#eeeeee&quot;,&quot;divider_size&quot;:&quot;2&quot;,&quot;border_width&quot;:&quot;1&quot;}' data-woocs-ver='1.4.3' style=\"width: 365px; max-width: 100%;\" data-woocs-sd-currencies='[{&quot;value&quot;:&quot;CZK&quot;,&quot;sign&quot;:&quot;&amp;#75;&amp;#269;&quot;,&quot;title&quot;:&quot;CZK&quot;,&quot;text&quot;:&quot;USA dollar&quot;,&quot;img&quot;:&quot;https:\\\/\\\/femendo.eu\\\/wp-content\\\/uploads\\\/2025\\\/07\\\/Czech-flag.png&quot;,&quot;title_attributes&quot;:{&quot;data-sign&quot;:&quot;&amp;#75;&amp;#269;&quot;,&quot;data-name&quot;:&quot;CZK&quot;,&quot;data-desc&quot;:&quot;USA dollar&quot;}},{&quot;value&quot;:&quot;EUR&quot;,&quot;sign&quot;:&quot;&amp;euro;&quot;,&quot;title&quot;:&quot;EUR&quot;,&quot;text&quot;:&quot;European Euro&quot;,&quot;img&quot;:&quot;https:\\\/\\\/femendo.eu\\\/wp-content\\\/uploads\\\/2025\\\/07\\\/euro.png&quot;,&quot;title_attributes&quot;:{&quot;data-sign&quot;:&quot;&amp;euro;&quot;,&quot;data-name&quot;:&quot;EUR&quot;,&quot;data-desc&quot;:&quot;European Euro&quot;}}]'><div class=\"woocs-lds-ellipsis\"><div><\/div><div><\/div><div><\/div><div><\/div><\/div><\/div>\r\n             Pr\u00edbehy \u017eien, ktor\u00e9 sa rozhodli prelomi\u0165 ml\u010danie Autentick\u00e1&hellip;<\/p><\/div><\/div><h2 class=\"wpr-grid-item-title elementor-repeater-item-b274f33 wpr-grid-item-display-block wpr-grid-item-align-center wpr-pointer-none wpr-pointer-line-fx wpr-pointer-fx-fade\"><div class=\"inner-block\"><a target=\"_self\"   href=\"https:\/\/femendo.eu\/?product=skryte-luny\">SKRYT\u00c9 LUNY<\/a><\/div><\/h2><div class=\"wpr-grid-item-rating elementor-repeater-item-f1255eb wpr-grid-item-display-block wpr-grid-item-align-center wpr-woo-rating-style-2\"><div class=\"inner-block\"><div class=\"wpr-woo-rating\"><i class=\"wpr-rating-icon-0\">&#9734;<\/i><i class=\"wpr-rating-icon-empty\">&#9734;<\/i><i class=\"wpr-rating-icon-empty\">&#9734;<\/i><i class=\"wpr-rating-icon-empty\">&#9734;<\/i><i class=\"wpr-rating-icon-empty\">&#9734;<\/i><\/div><\/div><\/div><div class=\"wpr-grid-item-price elementor-repeater-item-cb947b1 wpr-grid-item-display-block wpr-grid-item-align-center\"><div class=\"inner-block\"><span><span class=\"woocs_price_code\" data-currency=\"\" data-redraw-id=\"69f26c47e7efc\" data-product-id=\"1106\"><span class=\"woocommerce-Price-amount amount\">10.99<span class=\"woocommerce-Price-currencySymbol\">&euro;<\/span><\/span> <small class=\"woocommerce-price-suffix\">s DPH<\/small><\/span><\/span><\/div><\/div><div class=\"wpr-grid-item-add-to-cart elementor-repeater-item-0704ee7 wpr-grid-item-display-block wpr-grid-item-align-center\"><div class=\"inner-block\"><a rel=\"nofollow\" class=\"product_type_simple add_to_cart_button ajax_add_to_cart wpr-button-effect wpr-button-none \" aria-label=\"Add to cart: &ldquo;SKRYT\u00c9 LUNY&rdquo;\" data-product_id=\"1106\" data-product_sku=\"SL-1\" data-atc-popup=\"\" data-atc-animation=\"\" data-atc-fade-out-in=\"\" data-atc-animation-time=\"\" href=\"https:\/\/femendo.eu\/?product=skryte-luny\/?add-to-cart=1106\"><span>Do ko\u0161\u00edka<\/span><\/a><\/div><\/div><div class=\"wpr-grid-item-status elementor-repeater-item-bf8a402 wpr-grid-item-display-block wpr-grid-item-align-center\"><div class=\"inner-block\"><\/div><\/div><\/div><\/div><\/article><\/section>\t\t\t\t<\/div>\n\t\t\t\t<\/div>\n\t\t\t\t\t<\/div>\n\t\t\t\t<\/div>\n\t\t\t\t<\/div>\n\t\t","protected":false},"excerpt":{"rendered":"<p>All Nezaraden\u00e9 Knihy Pr\u00edbehy \u017eien, ktor\u00e9 sa rozhodli prelomi\u0165 ml\u010danie Kniha&hellip; SKRYT\u00c9 LUNY &#9734;&#9734;&#9734;&#9734;&#9734;10.99&euro; s DPHDo ko\u0161\u00edka<\/p>\n","protected":false},"author":1,"featured_media":0,"parent":0,"menu_order":0,"comment_status":"closed","ping_status":"closed","template":"","meta":{"_monsterinsights_skip_tracking":false,"_monsterinsights_sitenote_active":false,"_monsterinsights_sitenote_note":"","_monsterinsights_sitenote_category":0,"site-sidebar-layout":"no-sidebar","site-content-layout":"","ast-site-content-layout":"full-width-container","site-content-style":"default","site-sidebar-style":"default","ast-global-header-display":"","ast-banner-title-visibility":"","ast-main-header-display":"","ast-hfb-above-header-display":"","ast-hfb-below-header-display":"","ast-hfb-mobile-header-display":"","site-post-title":"disabled","ast-breadcrumbs-content":"","ast-featured-img":"disabled","footer-sml-layout":"","theme-transparent-header-meta":"","adv-header-id-meta":"","stick-header-meta":"","header-above-stick-meta":"","header-main-stick-meta":"","header-below-stick-meta":"","astra-migrate-meta-layouts":"default","ast-page-background-enabled":"default","ast-page-background-meta":{"desktop":{"background-color":"var(--ast-global-color-4)","background-image":"","background-repeat":"repeat","background-position":"center center","background-size":"auto","background-attachment":"scroll","background-type":"","background-media":"","overlay-type":"","overlay-color":"","overlay-opacity":"","overlay-gradient":""},"tablet":{"background-color":"","background-image":"","background-repeat":"repeat","background-position":"center center","background-size":"auto","background-attachment":"scroll","background-type":"","background-media":"","overlay-type":"","overlay-color":"","overlay-opacity":"","overlay-gradient":""},"mobile":{"background-color":"","background-image":"","background-repeat":"repeat","background-position":"center center","background-size":"auto","background-attachment":"scroll","background-type":"","background-media":"","overlay-type":"","overlay-color":"","overlay-opacity":"","overlay-gradient":""}},"ast-content-background-meta":{"desktop":{"background-color":"var(--ast-global-color-5)","background-image":"","background-repeat":"repeat","background-position":"center center","background-size":"auto","background-attachment":"scroll","background-type":"","background-media":"","overlay-type":"","overlay-color":"","overlay-opacity":"","overlay-gradient":""},"tablet":{"background-color":"var(--ast-global-color-5)","background-image":"","background-repeat":"repeat","background-position":"center center","background-size":"auto","background-attachment":"scroll","background-type":"","background-media":"","overlay-type":"","overlay-color":"","overlay-opacity":"","overlay-gradient":""},"mobile":{"background-color":"var(--ast-global-color-5)","background-image":"","background-repeat":"repeat","background-position":"center center","background-size":"auto","background-attachment":"scroll","background-type":"","background-media":"","overlay-type":"","overlay-color":"","overlay-opacity":"","overlay-gradient":""}},"footnotes":""},"class_list":["post-1108","page","type-page","status-publish","hentry","desktop-align-left","tablet-align-left","mobile-align-left"],"yoast_head":"<!-- This site is optimized with the Yoast SEO plugin v25.4 - https:\/\/yoast.com\/wordpress\/plugins\/seo\/ -->\n<title>OBCHOD -<\/title>\n<meta name=\"robots\" content=\"index, follow, max-snippet:-1, max-image-preview:large, max-video-preview:-1\" \/>\n<link rel=\"canonical\" href=\"https:\/\/femendo.eu\/?page_id=1108\" \/>\n<meta property=\"og:locale\" content=\"sk_SK\" \/>\n<meta property=\"og:type\" content=\"article\" \/>\n<meta property=\"og:title\" content=\"OBCHOD -\" \/>\n<meta property=\"og:description\" content=\"All Nezaraden\u00e9 Knihy Pr\u00edbehy \u017eien, ktor\u00e9 sa rozhodli prelomi\u0165 ml\u010danie Kniha&hellip; SKRYT\u00c9 LUNY &#9734;&#9734;&#9734;&#9734;&#9734;10.99&euro; s DPHDo ko\u0161\u00edka\" \/>\n<meta property=\"og:url\" content=\"https:\/\/femendo.eu\/?page_id=1108\" \/>\n<meta property=\"article:modified_time\" content=\"2025-07-03T08:17:30+00:00\" \/>\n<meta property=\"og:image\" content=\"https:\/\/femendo.eu\/wp-content\/uploads\/2025\/06\/book-800-768x1024.jpg\" \/>\n<meta name=\"twitter:card\" content=\"summary_large_image\" \/>\n<meta name=\"twitter:label1\" content=\"Predpokladan\u00fd \u010das \u010d\u00edtania\" \/>\n\t<meta name=\"twitter:data1\" content=\"1 min\u00fata\" \/>\n<script type=\"application\/ld+json\" class=\"yoast-schema-graph\">{\"@context\":\"https:\/\/schema.org\",\"@graph\":[{\"@type\":\"WebPage\",\"@id\":\"https:\/\/femendo.eu\/?page_id=1108\",\"url\":\"https:\/\/femendo.eu\/?page_id=1108\",\"name\":\"OBCHOD -\",\"isPartOf\":{\"@id\":\"https:\/\/femendo.eu\/#website\"},\"primaryImageOfPage\":{\"@id\":\"https:\/\/femendo.eu\/?page_id=1108#primaryimage\"},\"image\":{\"@id\":\"https:\/\/femendo.eu\/?page_id=1108#primaryimage\"},\"thumbnailUrl\":\"https:\/\/femendo.eu\/wp-content\/uploads\/2025\/06\/book-800-768x1024.jpg\",\"datePublished\":\"2025-06-26T15:34:51+00:00\",\"dateModified\":\"2025-07-03T08:17:30+00:00\",\"breadcrumb\":{\"@id\":\"https:\/\/femendo.eu\/?page_id=1108#breadcrumb\"},\"inLanguage\":\"sk-SK\",\"potentialAction\":[{\"@type\":\"ReadAction\",\"target\":[\"https:\/\/femendo.eu\/?page_id=1108\"]}]},{\"@type\":\"ImageObject\",\"inLanguage\":\"sk-SK\",\"@id\":\"https:\/\/femendo.eu\/?page_id=1108#primaryimage\",\"url\":\"https:\/\/femendo.eu\/wp-content\/uploads\/2025\/06\/book-800.jpg\",\"contentUrl\":\"https:\/\/femendo.eu\/wp-content\/uploads\/2025\/06\/book-800.jpg\",\"width\":800,\"height\":1067},{\"@type\":\"BreadcrumbList\",\"@id\":\"https:\/\/femendo.eu\/?page_id=1108#breadcrumb\",\"itemListElement\":[{\"@type\":\"ListItem\",\"position\":1,\"name\":\"Home\",\"item\":\"https:\/\/femendo.eu\/\"},{\"@type\":\"ListItem\",\"position\":2,\"name\":\"OBCHOD\"}]},{\"@type\":\"WebSite\",\"@id\":\"https:\/\/femendo.eu\/#website\",\"url\":\"https:\/\/femendo.eu\/\",\"name\":\"\",\"description\":\"\",\"potentialAction\":[{\"@type\":\"SearchAction\",\"target\":{\"@type\":\"EntryPoint\",\"urlTemplate\":\"https:\/\/femendo.eu\/?s={search_term_string}\"},\"query-input\":{\"@type\":\"PropertyValueSpecification\",\"valueRequired\":true,\"valueName\":\"search_term_string\"}}],\"inLanguage\":\"sk-SK\"}]}<\/script>\n<!-- \/ Yoast SEO plugin. -->","yoast_head_json":{"title":"OBCHOD -","robots":{"index":"index","follow":"follow","max-snippet":"max-snippet:-1","max-image-preview":"max-image-preview:large","max-video-preview":"max-video-preview:-1"},"canonical":"https:\/\/femendo.eu\/?page_id=1108","og_locale":"sk_SK","og_type":"article","og_title":"OBCHOD -","og_description":"All Nezaraden\u00e9 Knihy Pr\u00edbehy \u017eien, ktor\u00e9 sa rozhodli prelomi\u0165 ml\u010danie Kniha&hellip; SKRYT\u00c9 LUNY &#9734;&#9734;&#9734;&#9734;&#9734;10.99&euro; s DPHDo ko\u0161\u00edka","og_url":"https:\/\/femendo.eu\/?page_id=1108","article_modified_time":"2025-07-03T08:17:30+00:00","og_image":[{"url":"https:\/\/femendo.eu\/wp-content\/uploads\/2025\/06\/book-800-768x1024.jpg","type":"","width":"","height":""}],"twitter_card":"summary_large_image","twitter_misc":{"Predpokladan\u00fd \u010das \u010d\u00edtania":"1 min\u00fata"},"schema":{"@context":"https:\/\/schema.org","@graph":[{"@type":"WebPage","@id":"https:\/\/femendo.eu\/?page_id=1108","url":"https:\/\/femendo.eu\/?page_id=1108","name":"OBCHOD -","isPartOf":{"@id":"https:\/\/femendo.eu\/#website"},"primaryImageOfPage":{"@id":"https:\/\/femendo.eu\/?page_id=1108#primaryimage"},"image":{"@id":"https:\/\/femendo.eu\/?page_id=1108#primaryimage"},"thumbnailUrl":"https:\/\/femendo.eu\/wp-content\/uploads\/2025\/06\/book-800-768x1024.jpg","datePublished":"2025-06-26T15:34:51+00:00","dateModified":"2025-07-03T08:17:30+00:00","breadcrumb":{"@id":"https:\/\/femendo.eu\/?page_id=1108#breadcrumb"},"inLanguage":"sk-SK","potentialAction":[{"@type":"ReadAction","target":["https:\/\/femendo.eu\/?page_id=1108"]}]},{"@type":"ImageObject","inLanguage":"sk-SK","@id":"https:\/\/femendo.eu\/?page_id=1108#primaryimage","url":"https:\/\/femendo.eu\/wp-content\/uploads\/2025\/06\/book-800.jpg","contentUrl":"https:\/\/femendo.eu\/wp-content\/uploads\/2025\/06\/book-800.jpg","width":800,"height":1067},{"@type":"BreadcrumbList","@id":"https:\/\/femendo.eu\/?page_id=1108#breadcrumb","itemListElement":[{"@type":"ListItem","position":1,"name":"Home","item":"https:\/\/femendo.eu\/"},{"@type":"ListItem","position":2,"name":"OBCHOD"}]},{"@type":"WebSite","@id":"https:\/\/femendo.eu\/#website","url":"https:\/\/femendo.eu\/","name":"","description":"","potentialAction":[{"@type":"SearchAction","target":{"@type":"EntryPoint","urlTemplate":"https:\/\/femendo.eu\/?s={search_term_string}"},"query-input":{"@type":"PropertyValueSpecification","valueRequired":true,"valueName":"search_term_string"}}],"inLanguage":"sk-SK"}]}},"_links":{"self":[{"href":"https:\/\/femendo.eu\/index.php?rest_route=\/wp\/v2\/pages\/1108","targetHints":{"allow":["GET"]}}],"collection":[{"href":"https:\/\/femendo.eu\/index.php?rest_route=\/wp\/v2\/pages"}],"about":[{"href":"https:\/\/femendo.eu\/index.php?rest_route=\/wp\/v2\/types\/page"}],"author":[{"embeddable":true,"href":"https:\/\/femendo.eu\/index.php?rest_route=\/wp\/v2\/users\/1"}],"replies":[{"embeddable":true,"href":"https:\/\/femendo.eu\/index.php?rest_route=%2Fwp%2Fv2%2Fcomments&post=1108"}],"version-history":[{"count":6,"href":"https:\/\/femendo.eu\/index.php?rest_route=\/wp\/v2\/pages\/1108\/revisions"}],"predecessor-version":[{"id":1197,"href":"https:\/\/femendo.eu\/index.php?rest_route=\/wp\/v2\/pages\/1108\/revisions\/1197"}],"wp:attachment":[{"href":"https:\/\/femendo.eu\/index.php?rest_route=%2Fwp%2Fv2%2Fmedia&parent=1108"}],"curies":[{"name":"wp","href":"https:\/\/api.w.org\/{rel}","templated":true}]}}